*z + 1086 + 4063. Let c = 277 - z. Let r(a) = -a**3 + 7*a**2 - 5*a - 12. What is r(c)?
-6
Let u(c) = c**3 - 2*c**2 + 5*c - 10. Let y be u(-13). Let s be y/12*(-6)/9. Let z(j) = 6*j + 148 + j**2 + 0*j - s. Calculate z(-4).
-5
Suppose 134*u - 39*u = 1425. Let p(r) = r**3 - 15*r**2 + 3*r - 17. What is p(u)?
28
Let r be 40/12*(-24)/(-16). Let t(s) = 43*s**3 - 2 - r - 51*s**3 + 5 - s**2 - 2*s. Calculate t(-1).
7
Let z(k) = -13*k + 3. Let d(s) = -7*s + 1. Suppose 0*c + 4*c = p + 3, -5*c = -3*p + 5. Let j(n) = c*z(n) - 5*d(n). Calculate j(2).
19
Suppose 2*u + 2*f = 13 - 5, 0 = 2*u + 5*f - 26. Let q(g) = -10*g - 45. Calculate q(u).
-25
Let u(w) be the first derivative of 1/2*w**2 - 3 + 0*w. Give u(-4).
-4
Let v(h) = -h**2 + 15*h - 50. Suppose -101*k + 100 = -79*k - 98. What is v(k)?
4
Suppose 3*j = o - 7, 9 = 12*o - 9*o - 3*j. Let p(b) = -b**2 - b - 1. Let x(c) = 20*c**2 - 5*c - 4. Let w(u) = o*x(u) - 5*p(u). Give w(1).
26
Let a(b) be the first derivative of 1/60*b**5 - 8*b**2 + 10 - 1/6*b**3 - 1/15*b**6 + 0*b**4 + 0*b. Let j(p) be the second derivative of a(p). Determine j(1).
-8
Let g(p) = -6*p - p**2 - 7*p + 2 + 2*p - 3 - 2. Determine g(-11).
-3
Let l(i) = i + 8. Let k be l(4). Suppose -4*n - k = 3*b, -5*b + 0*b = 3*n + 20. Let z(g) = 1 + 4473*g - 2241*g - 2233*g. Give z(b).
5
Let h = -17 + 20. Suppose h*t - 13 = -y - 4*y, 4*y = -2*t + 8. Let q(g) = -2*g + g**2 + 9 - 6*g - g. Give q(t).
-9
Let f(v) = -v. Let u(z) = 3 + 13 + z + 3*z - 3. Let q(p) = -3*f(p) - u(p). Determine q(-7).
-6
Let n(y) = 2*y + 4 - 3*y - 5 - 2 + 0. What is n(-4)?
1
Suppose -2*l - 5*v + 25 = 0, l = -4*l + v + 22. Let k(g) = 8 + 7*g - g**2 - 10 - 65*g - 5 + 63*g. Calculate k(l).
-7
Let f = 99 + -6. Let d be (-8)/(-44) - f/(-33). Suppose -y + 2 = -d*y. Let h(w) = 3*w - 1. Give h(y).
-4
Let x(p) = -11*p - 5. Let y(q) = 4*q. Let l(r) = -2*x(r) - 6*y(r). Let f(s) = 4*s - 16. Let u(j) = 3*f(j) + 5*l(j). Calculate u(-4).
-6
Let r = 307 + -310. Let z be ((-21)/(-9)*r)/1. Let i(a) = -a**2 - a + 10. What is i(z)?
-32
Let h be ((-16)/(-32))/(1/84). Let r = h + -36. Let f(o) = 27*o - 6 + 29*o - 51*o - 3. Calculate f(r).
21
Let x(i) = i**3 - 28*i**2 + 29*i - 60. Suppose -p - u - 3 = -6*u, 2*p - 24 = 5*u. Calculate x(p).
-6
Let r(o) = 2*o**2 + 9*o - 12*o + 0*o - 7*o - 21. Let y be r(6). Let k(x) = -x**3 - 10*x**2 - 8*x + 10. Determine k(y).
1
Let z(i) = i**3 + i - 24. Let y(b) = -3*b**3 + 27*b**2 + 12*b - 41. Let m(a) = y(a) - z(a). Give m(7).
11
Let a(r) = -2. Let w(f) = -34*f - f**3 + 19*f - f**2 + 26 + 16*f. Let n(y) = 3*a(y) - w(y). Calculate n(0).
-32
Suppose 4*w = -5*f - 20 + 5, 2*w + 12 = 2*f. Let j(m) = -2*m - 4. Calculate j(f).
-6
Let v(t) = -t**3 - 3*t**2 + t + 1. Let r(d) = -d**3 - 18*d**2 + 19*d + 2. Let j be r(-19). Suppose -2*p - 3*l - 17 = 0, -j*p - p - 5*l = 27. Give v(p).
13
Let s(y) = 121*y + 3140. Let x be s(-26). Let q(n) = -3*n**2 - 11*n + 14. What is q(x)?
-28
Let v = 8 + -16. Let t(d) be the second derivative of -d**4/12 - 3*d**3/2 + d**2 - 819*d. What is t(v)?
10
Let d(b) = b - 5. Let z be d(3). Let r(m) = -12 + 107*m + 11 + 50*m**2 + 5*m**3 - 47*m**2 - 106*m. What is r(z)?
-31
Let w(x) = -15*x**3 - 2*x**2 - x + 2. Suppose 0 = 58*y + 169 - 111. Calculate w(y).
16
Let z(u) = -u - 4. Let y(l) = l - 10. Let s be y(13). Suppose 3*f - 9 = -4*i, 2*i + 7 = s*f - 2. Suppose -20 = f*x + x. Calculate z(x).
1
Let w(g) = 5*g**2 - g. Let c(s) = 8*s**2 + 5*s + 4. Let i(q) = -c(q) + 2*w(q). Suppose 2*t + f - 11 = 0, -3*t - 2*t = -4*f - 34. Calculate i(t).
26
Let u = -13 - 9. Let b(f) = -f**3 - 22*f**2 + 2. Let o be b(u). Let h(t) = t - 3*t - 5 + o*t - t. What is h(-10)?
5
Let d = 49 - 68. Let y be (-2 + 5 - d)/2. Let h(x) = -11*x**2 + 33*x**2 - 9 - 18*x**2 + x**3 + 6*x - y*x**2. Determine h(6).
-9
Suppose 36*k + 132 = 24. Let v(m) be the third derivative of 1/6*m**3 + 1/15*m**5 + 0*m + 0 + 1/8*m**4 + 1/120*m**6 - m**2. Calculate v(k).
1
Suppose -r + 15 = 4*r. Let u = -16 - -18. Let v(x) = u - 13*x - 3 - 12*x + 24*x. Determine v(r).
-4
Suppose 2*g + 2 = 6. Let d be (-33)/(-9) - g - (-2)/6. Let o(j) = j**3 + 102 - 8*j**d - 107 + 3*j + j**2. Determine o(7).
16
Let j(x) = -3*x**3 - 5*x**2 + 2*x + 4. Let t(f) = -3*f**2 + 2*f + 3. Let p be t(-1). Let u be j(p). Let o(g) = -g**3 + 4*g**2 + 2*g - 6. Calculate o(u).
2
Let u(y) be the second derivative of -117*y + 11/6*y**3 + 1/20*y**5 + 2/3*y**4 + 5*y**2 + 0. Give u(-7).
-18
Let b(k) be the first derivative of -k**3/3 - 3*k**2 - 3*k + 1. Suppose 0 = -10950*z + 10952*z - 2176. Let u = z - 1092. Give b(u).
5
Let y(r) = -2*r - 1. Let t(b) = b**3 - 4*b**2 + 7*b + 5. Let g(h) = t(h) + 4*y(h). Let v(n) = -n - 8. Let f be v(-5). Let o = 1 - f. Give g(o).
-3
Let w(h) = -3 - 5 + 29271*h**2 - 4 + 3 - 29272*h**2 + 8*h. Let g(l) = -14*l - 3. Let f be g(-3). Let p be (-4)/(-8) + f/6. Give w(p).
-2
Let o(q) = -4*q + 39. Let l be o(9). Let x(c) = -4*c**2 - 7*c + 18. Let g(r) = 5*r**2 + 7*r - 19. Let f(z) = l*g(z) + 4*x(z). What is f(-8)?
7
Let y(b) = -9*b**3 - 2*b**2 - 4*b + 9. Let j = 177 + -171. Let o(g) = -11*g**3 - 2*g**2 - 4*g + 10. Let i(v) = j*y(v) - 5*o(v). Determine i(4).
20
Let f(d) = 3*d - 10. Let s(u) = 8*u - 25 + 35 - 30. Let x(z) = -7*f(z) + 3*s(z). Determine x(-8).
-14
Let w(k) be the third derivative of k**4/12 - 3*k**3/2 - 69*k**2. Let t be 5 + (6/(-2))/(-3). Determine w(t).
3
Let i(a) = -15*a**2 + 4*a + 2. Let r(g) = 24*g + 815. Let l be r(-34). What is i(l)?
-17
Let d be (12/(-5))/(3 + 3 + (-992)/155). Let k(u) = 2*u**2 + u - 67. Calculate k(d).
11
Let y(b) = 4*b - 25. Let c = -5613 - -5616. Give y(c).
-13
Suppose -4*n - 5*k = -43 + 5, 6 = 3*k. Let j(a) = a + 3. Determine j(n).
10
Let r be ((-20)/16)/(2/(-8)). Let v(t) be the third derivative of -t**4/12 - t**3/6 + 2*t**2 - 250. Determine v(r).
-11
Let l(a) = -2*a - 33. Let s be (2*(-1)/4)/((-41)/2624). Determine l(s).
-97
Let y(v) = v**3 - 4*v**2 - 5*v + 43. Let t(l) = 2*l**3 - 7*l**2 - 9*l + 114. Let r(i) = -2*t(i) + 5*y(i). Determine r(7).
-13
Let o = -143 - -146. Suppose -25 = 3*n - 0*n + 5*r, n - o*r = 15. Let u(q) = -q - 9 - 2*q + 2*q. Determine u(n).
-9
Let w(o) = -o**2 + 26618 - o**3 + 4*o**2 + 4*o - 26614. Give w(3).
16
Let t(y) = 15*y + 3. Let l be t(2). Let f(o) = -l - 33 - o - 23 + 90 - 3*o**2. Let d be 2/4*(-2)/(-1). What is f(d)?
-3
Let t(f) = -2537*f - 2 + 2538*f + 3. What is t(14)?
15
Suppose 2*k - k = 4*h + 7, h + 1 = 0. Suppose 0 = 5*b - k*l - 17, 2*b + 0*b + 2*l = -6. Let c(z) = -7*z - 47 + 46 - 4*z. Give c(b).
-12
Let w(f) = 1 + f**3 + 5*f - 5*f**2 + 15*f**2 - 4*f. Let h be (-1)/(-15) - (-755)/(-75). Give w(h).
-9
Suppose 5*i + 2*u - 10 = 0, 2*i + 6 = 5*i - 2*u. Let c = 20 + -15. Let b(n) = -4*n**3 - n**2 - 1 + 3*n + c*n**3 - 2*n**2. Determine b(i).
1
Let v(g) = g**3 + 7*g**2 + g + 4. Suppose -20*j + 405 = -23*j. Let y = -69 - j. Let p = -73 + y. What is v(p)?
-3
Let o(j) = j**2 + 5 + 10 + 3 + j. Suppose 4*u + 10*v - 15 = 11*v, -4*v - 21 = -3*u. Suppose u*b - 15*b = 0. Give o(b).
18
Let l(o) = o**2 + 29*o - 57. Let q be l(-36). Let f = 192 - q. Let m(j) be the third derivative of j**5/60 + 5*j**4/24 + 2*j**3/3 + j**2. What is m(f)?
-2
Let y(r) = 0*r + r + 16 - 16. Let q(n) = -4*n - 1. Let k(j) = 2*q(j) + 7*y(j). Let x(c) = -22*c + 63. Let p be x(3). Give k(p).
1
Suppose 90 = 45*a - 39*a. Let q(t) = t**2 - 16*t + 35. What is q(a)?
20
Let v = 10 - 14. Let x(j) = 3*j**3 + 7*j**2 - 2. Let r(q) = -7*q**3 - 15*q**2 + 2*q + 4. Suppose -2*b - 26 = 11*b. Let p(s) = b*r(s) - 5*x(s). Calculate p(v).
2
Let v(r) = r. Let p(g) = -5*g**3 + 2*g**2 + 2*g. Let t be p(2). Let c = t - -30. Let b be (1/c*2)/(12/60). Calculate v(b).
5
Let d be (124/372)/((-300)/297 + 1). Let o(v) = -6*v - 176. What is o(d)?
22
Let t(m) = -5*m**2 + 11*m - 8. Let w(r) = 12*r**2 - 23*r + 15. Let b(j) = -5*t(j) - 2*w(j). Let i be b(7). Let n(g) = 3*g**2 + 2*g + 2. Give n(i).
42
Let t(y) = y + 20. Suppose -1910 = r - 1888. Determine t(r).
-2
Suppose 0 = -3*p + 27 - 18. Let y(t) be the first derivative of t**4/4 - t**3/3 - t**2 - t + 189. Give y(p).
11
Let n(v) = v**3 + v**2 - 7*v - 1. Let t(u) = 23*u**3 - 2*u**2 + 18*u + 1. Let s(y) = 3*n(y) + t(y). Give s(-1).
-24
Let w = -45 + 36. Let y be 2*(18/(-4) + 4). Let b(z) = -z**3 + z**2 - z + 1. Let h(i) = 2*i**3 + 9*i**2 + 11*i + 5. Let l(q) = y*h(q) - b(q). W